{"id":477,"date":"2015-03-03T15:42:29","date_gmt":"2015-03-03T14:42:29","guid":{"rendered":"http:\/\/eileen-eu.org\/?page_id=477"},"modified":"2018-08-01T10:25:57","modified_gmt":"2018-08-01T09:25:57","slug":"grupos-alvo","status":"publish","type":"page","link":"https:\/\/eileen-eu.org\/pt\/grupos-alvo\/","title":{"rendered":"Grupos alvo"},"content":{"rendered":"<p><a href=\"https:\/\/eileen-eu.org\/wp-content\/uploads\/2015\/01\/Ausschnitt_TG_EILEEN.png\"><img loading=\"lazy\" decoding=\"async\" class=\"  wp-image-43 alignright\" src=\"https:\/\/eileen-eu.org\/wp-content\/uploads\/2015\/01\/Ausschnitt_TG_EILEEN-300x114.png\" alt=\"Ausschnitt_TG_EILEEN\" width=\"232\" height=\"88\" srcset=\"https:\/\/eileen-eu.org\/wp-content\/uploads\/2015\/01\/Ausschnitt_TG_EILEEN-300x114.png 300w, https:\/\/eileen-eu.org\/wp-content\/uploads\/2015\/01\/Ausschnitt_TG_EILEEN.png 758w\" sizes=\"auto, (max-width: 232px) 100vw, 232px\" \/><\/a>O EILEEN destina-se a&#8230;<\/p>\n<p>&nbsp;<\/p>\n<ul>\n<li>jovens que dever\u00e3o ser motivados e preparados para um est\u00e1gio no estrangeiro;<\/li>\n<li>empreendedores que pretendam acolher jovens estagi\u00e1rios;<\/li>\n<li>especialistas em valida\u00e7\u00e3o e avalia\u00e7\u00e3o;<\/li>\n<li>atores e institui\u00e7\u00f5es externas;<\/li>\n<li>sociedade em geral.<\/li>\n<\/ul>\n<div class=\"twoclick_social_bookmarks_post_477 social_share_privacy clearfix 1.6.4 locale-pt_PT sprite-en_GB\"><\/div><div class=\"twoclick-js\"><script type=\"text\/javascript\">\/* <![CDATA[ *\/\njQuery(document).ready(function($){if($('.twoclick_social_bookmarks_post_477')){$('.twoclick_social_bookmarks_post_477').socialSharePrivacy({\"services\":{\"facebook\":{\"status\":\"on\",\"txt_info\":\"2 clicks for more privacy: Only after clicking the button it is activated and you can submit your recommendationsto Facebook. Once the button is activated, data is submitted to third parties. See <em>i<\\\/em>.\",\"perma_option\":\"off\",\"action\":\"recommend\",\"language\":\"en_GB\"},\"twitter\":{\"reply_to\":\"\",\"tweet_text\":\"Grupos%20alvo%20%C2%BB%20EILEEN%20Project\",\"status\":\"on\",\"txt_info\":\"2 clicks for more privacy: Only after clicking the button it is activated and you can submit your recommendations to Twitter. Once the button is activated, data is submitted to third parties. See <em>i<\\\/em>.\",\"perma_option\":\"off\",\"language\":\"en\",\"referrer_track\":\"\"},\"gplus\":{\"status\":\"on\",\"txt_info\":\"2 clicks for more privacy: Only after clicking the button it is activated and you can submit your recommendations to Google+. Once the button is activated, data is submitted to third parties. See <em>i<\\\/em>.\",\"perma_option\":\"off\",\"referrer_track\":\"\"}},\"txt_help\":\"When activating these fields by clicking, information is submitted to Facebook, Twitter, LinkedIn, Pinterest or Google possibly into foreign countries and maybe even stored there. Learn more by clicking the <em>i<\\\/em>.\",\"settings_perma\":\"Activate permanently and agree to data-transfer:\",\"info_link\":\"http:\\\/\\\/www.h-online.com\\\/features\\\/Two-clicks-for-more-privacy-1783256.html\",\"uri\":\"https:\\\/\\\/eileen-eu.org\\\/pt\\\/grupos-alvo\\\/\",\"post_id\":477,\"post_title_referrer_track\":\"Grupos+alvo\",\"display_infobox\":\"on\"});}});\n\/* ]]> *\/<\/script><\/div>","protected":false},"excerpt":{"rendered":"<p>O EILEEN destina-se a&#8230; &nbsp; jovens que dever\u00e3o ser motivados e preparados para um est\u00e1gio no estrangeiro; empreendedores que pretendam acolher jovens estagi\u00e1rios; especialistas em valida\u00e7\u00e3o e avalia\u00e7\u00e3o; atores e institui\u00e7\u00f5es externas; sociedade em geral.<\/p>\n","protected":false},"author":1,"featured_media":0,"parent":0,"menu_order":0,"comment_status":"closed","ping_status":"open","template":"","meta":{"_locale":"pt_PT","_original_post":"41","footnotes":""},"class_list":["post-477","page","type-page","status-publish","hentry","pt-PT"],"_links":{"self":[{"href":"https:\/\/eileen-eu.org\/wp-json\/wp\/v2\/pages\/477","targetHints":{"allow":["GET"]}}],"collection":[{"href":"https:\/\/eileen-eu.org\/wp-json\/wp\/v2\/pages"}],"about":[{"href":"https:\/\/eileen-eu.org\/wp-json\/wp\/v2\/types\/page"}],"author":[{"embeddable":true,"href":"https:\/\/eileen-eu.org\/wp-json\/wp\/v2\/users\/1"}],"replies":[{"embeddable":true,"href":"https:\/\/eileen-eu.org\/wp-json\/wp\/v2\/comments?post=477"}],"version-history":[{"count":2,"href":"https:\/\/eileen-eu.org\/wp-json\/wp\/v2\/pages\/477\/revisions"}],"predecessor-version":[{"id":938,"href":"https:\/\/eileen-eu.org\/wp-json\/wp\/v2\/pages\/477\/revisions\/938"}],"wp:attachment":[{"href":"https:\/\/eileen-eu.org\/wp-json\/wp\/v2\/media?parent=477"}],"curies":[{"name":"wp","href":"https:\/\/api.w.org\/{rel}","templated":true}]}}

<p><a href="https://eileen-eu.org/wp-content/uploads/2015/01/Ausschnitt_TG_EILEEN.png"><img loading="lazy" decoding="async" class="  wp-image-43 alignright" src="https://eileen-eu.org/wp-content/uploads/2015/01/Ausschnitt_TG_EILEEN-300x114.png" alt="Ausschnitt_TG_EILEEN" width="232" height="88" srcset="https://eileen-eu.org/wp-content/uploads/2015/01/Ausschnitt_TG_EILEEN-300x114.png 300w, https://eileen-eu.org/wp-content/uploads/2015/01/Ausschnitt_TG_EILEEN.png 758w" sizes="auto, (max-width: 232px) 100vw, 232px" /></a>O EILEEN destina-se a&#8230;</p>
<p>&nbsp;</p>
<ul>
<li>jovens que deverão ser motivados e preparados para um estágio no estrangeiro;</li>
<li>empreendedores que pretendam acolher jovens estagiários;</li>
<li>especialistas em validação e avaliação;</li>
<li>atores e instituições externas;</li>
<li>sociedade em geral.</li>
</ul>
<div class="twoclick_social_bookmarks_post_477 social_share_privacy clearfix 1.6.4 locale-pt_PT sprite-en_GB"></div><div class="twoclick-js"><script type="text/javascript">/* <![CDATA[ */
jQuery(document).ready(function($){if($('.twoclick_social_bookmarks_post_477')){$('.twoclick_social_bookmarks_post_477').socialSharePrivacy({"services":{"facebook":{"status":"on","txt_info":"2 clicks for more privacy: Only after clicking the button it is activated and you can submit your recommendationsto Facebook. Once the button is activated, data is submitted to third parties. See <em>i<\/em>.","perma_option":"off","action":"recommend","language":"en_GB"},"twitter":{"reply_to":"","tweet_text":"Grupos%20alvo%20%C2%BB%20EILEEN%20Project","status":"on","txt_info":"2 clicks for more privacy: Only after clicking the button it is activated and you can submit your recommendations to Twitter. Once the button is activated, data is submitted to third parties. See <em>i<\/em>.","perma_option":"off","language":"en","referrer_track":""},"gplus":{"status":"on","txt_info":"2 clicks for more privacy: Only after clicking the button it is activated and you can submit your recommendations to Google+. Once the button is activated, data is submitted to third parties. See <em>i<\/em>.","perma_option":"off","referrer_track":""}},"txt_help":"When activating these fields by clicking, information is submitted to Facebook, Twitter, LinkedIn, Pinterest or Google possibly into foreign countries and maybe even stored there. Learn more by clicking the <em>i<\/em>.","settings_perma":"Activate permanently and agree to data-transfer:","info_link":"http:\/\/www.h-online.com\/features\/Two-clicks-for-more-privacy-1783256.html","uri":"https:\/\/eileen-eu.org\/pt\/grupos-alvo\/","post_id":477,"post_title_referrer_track":"Grupos+alvo","display_infobox":"on"});}});
/* ]]> */</script></div>

<p>O EILEEN destina-se a&#8230; &nbsp; jovens que deverão ser motivados e preparados para um estágio no estrangeiro; empreendedores que pretendam acolher jovens estagiários; especialistas em validação e avaliação; atores e instituições externas; sociedade em geral.</p>
